 - -93
-2
Evaluate (-25 - -70) + -12 + -33.
0
What is the value of 1 - (-4 - -25) - (-4 + -43 + -14)?
41
What is the value of (92 - 73) + -164 + (67 - 33)?
-111
What is the value of -46 - 0 - (-1 - (7 - -136))?
98
What is -83 - (-20 + 15 + 9 + -7 + -8)?
-72
What is the value of 1 + 79 - ((-3 - (5 + -14)) + 30 + -41)?
85
What is the value of 24 + 13 - 46 - (-56 + -2)?
49
Evaluate -485 + 459 + 15 + (1 - 3).
-13
(-3 - 4) + (-8 - ((64 - 63) + (-1 - 0)))
-15
Evaluate 1 - (11 - 2) - (22 - (-2 - -27)).
-5
What is -8 + (-19 - -12 - -68)?
53
Evaluate 7 - (9 - -22) - ((4 - 9) + (2 - -7)).
-28
What is 265 + -24 + -122 + 7?
126
What is the value of 151 + (-128 - -107) - 156?
-26
Evaluate (-65 - 34 - -16) + 146.
63
What is the value of 6 + 2 - -32 - (32 + -50 + (-2 - -16))?
44
What is 65 - 42 - ((-4 - -8) + (-2 - -1))?
20
What is the value of 26 - (5 + (-6 - -7) + -13 - -18)?
15
Evaluate 36 + 0 + (-15413 - -15477).
100
Calculate 59 - (-3 + 3 + 19 + -7 + -4).
51
7 + (6 - 1) - (37 + 89) - 9
-123
What is the value of (47 - 51) + (2 - 1 - (-20 + 17)) + 11?
11
Evaluate 7 - (-9 - (11 + -34)).
-7
What is the value of 10 - (-22 + 15 + 1) - -10?
26
Evaluate -43 - -7 - (1 + (4 - 0)).
-41
Evaluate (-88 - -77) + (5 - -9) - (18 - 0) - -81.
66
What is the value of 7 - (-1 - -3 - ((21 - 102) + 51))?
-25
Calculate 5 - ((18 - 9) + (4 - 5) - -5).
-8
What is -11 + -8 + 41 - (17 - 17)?
22
What is -16 + 0 - (5 - (-48 - -63))?
-6
What is the value of (16 - 34) + 48 + -71?
-41
(49 - (1 + 2 - (7 - 2))) + 118 + -120
49
-80 - (0 + 3 - (25 + 39 + -66))
-85
What is the value of 17 + -39 + 13 + -23 + 14?
-18
What is the value of (3 - 0 - (-111 + 111)) + -10 - -44?
37
What is (3 - 0) + (-210 - -96) + 3 + -28 + 18?
-118
Evaluate 22 - (-6 - -13) - 73.
-58
What is the value of (18 + -11 - (-126 + 122)) + -75?
-64
What is the value of -2 + (-8 - -4) - ((2 - (2 + 14)) + 6)?
2
What is the value of 24 + 4 + 29 + -72?
-15
Calculate -103 - 30 - -130 - 135.
-138
What is the value of -20 + -3 - (-131 - -157)?
-49
Evaluate 1 - (85 + (-44 - 88)).
48
Calculate 25 + -15 + -1 + 4 + -3 - (-7 - 35).
52
-4 - (61 - 136) - 27
44
Evaluate 7 + (1 - 3 - 0 - -15 - -13).
33
What is -703 - -693 - (101 - ((4 - 7) + 0 - -3))?
-111
Evaluate (75 - 0) + (-11061 - -11046).
60
Evaluate (26 - 7) + (1 - 17) - (-43 - -3).
43
What is the value of -19 - (-33 - (22 + -68))?
-32
Calculate (11 - (-7 - (10 + -60))) + 21.
-11
What is the value of (-1 - -3 - (23 + 3)) + 7577 + -7588?
-35
-65 + (-5 - -2 - (86 - 109))
-45
Evaluate -94 + (-24 - (-192 + 87)).
-13
Evaluate -75 - -96 - (-24 - (20 + -48)).
17
Calculate -2 + -18 - (-2 + (11 + -3 - 3)) - 10.
-33
Calculate (36 - 53) + 31 + 0 + -72 + -15.
-73
Calculate (32 + 3 - 5) + -24 + 1 + -1.
6
What is the value of 1 + 82 - (1695 - 1682)?
70
Calculate -947 + 911 - (8 + -3 + -1).
-40
-55 + -4 + 32 + -100 + 90
-37
-22 + (18 - 10) + 55 - -5
46
Calculate 7 - (-8 - -10) - (9 - -3) - (160 + -138).
-29
What is (2 - -103) + -80 + (-37 - -2)?
-10
13 + (5 + (-42 - -18) - -62) + -10
46
Evaluate 119 - (176 - 158) - -48.
149
What is -50 + -1 + -4660 + 4679?
-32
What is -82 + -55 + 64 - -10?
-63
What is 13 + 15 + (-11 - 25) - -23?
15
Evaluate (-5 - -43) + (-98 - -78) + -2.
16
Calculate 1 + 64 + ((-14 - (-16 - -20)) + -8 - -15).
54
90 - (-2 + -14 - (-27 - -1))
80
Evaluate 13 + (-246 - -252) + 12 + 0.
31
What is -22 - (19 + -16 + -27) - 17?
-15
191 - 209 - (1 + (-4 - -19 - 4))
-30
Evaluate 12 + (1 - 47) + 89 + 1.
56
Calculate -9 + (2 + (-10 - -22) - 6).
-1
Calculate 1 - (-24 - -2) - (2992 + -2977).
8
126 - 90 - (57 - 4) - -145
128
What is (66 - (180 + -103)) + -86?
-97
Calculate -1474 + 1419 - (-7 - (5 - 4)).
-47
Calculate 16 + (-18 - -12) + 29 + -18.
21
(3 - (2 - -7)) + 46 + -47 + 43
36
-45 - (-67 - (-28 - -7))
1
Calculate -49 - (9 + 0) - (2 - (6 + 7 + -12)).
-59
Evaluate 18 + (-19 + 6 - 6) + (-2 - -11) + 73.
81
Evaluate -77 - 0 - (-766 - -694).
-5
Calculate -31 - -27 - ((-2 - (13 - 8)) + 60).
-57
Calculate -46 + 0 + 137 + (-164 - 13).
-86
What is 8 + (-3 + 0 - -6 - (1 + 2)) + -6?
2
What is the value of -8 + 1 + 20 + 21 + -28 + -27 + -10?
-31
What is (-1492 - -1526) + (3 - 4 - 9)?
24
Evaluate (-32 - -86 - (98 + 43)) + (17 - 1).
-71
What is the value of (-13 - 1 - (-83 - (-71 - -2))) + 65?
65
Evaluate 19 - (33 + -24 + -16).
26
What is 0 - 5 - -73 - (-34 - (21 + -47))?
76
Calculate -1 + 51 + (-404 + 161 - -179).
-14
What is 18 - (2 + (-30 - -86))?
-40
What is the value of -91 - ((-46 - (56 - 97)) + (-4 - -1))?
-83
What is the value of -26 + (-6 - (-8 - -19)) + 68?
25
Evaluate 15 + 2 + (-22 + 7 - -36).
38
Calculate (47 - 58) + 0 + -6 + 11 + 3 - 7.
-10
Evaluate -39 + -51 + 29 - (-8 + (3 + 0 - 0)).
-56
(-96 - 2) + 39 + 101
42
What is the value of (85 - (-17 + 48)) + 2 + -12?
44
What is -186 - (-165 - (116 - 164))?
-69
What is -34 + 1 + -54 + (254 - 184)?
-17
What is (-4 - (18 - -12)) + -14?
-48
Evaluate 164 + -94 + -166 - ((-2 - 5) + (-1 - 0)).
-88
What is the value of -9 + (-33 - (12 - 45))?
-9
Calculate 6 - (-47 + (4 - (3 + -17))).
35
What is the value of -6 + (6 - 4) + 2 + 14 + -79?
-67
What is the value of 31 + -20 + (-9 - -6 - -12) + 0?
20
What is the value of 69 + -250 + 209 + -1 + -1?
26
What is -14 - (17 + -52 + -2 - -21)?
2
Calculate 2 + 14 + -1595 + 1629.
50
Calculate 0 + -9 + (130 - (230 - 103)).
-6
What is 65 + ((1 - 2) + -5 - (5 + 14 + -21))?
61
-73 - -64 - (-2 + (-3 - (-2 - -15)))
9
Calculate 2 + 7 + 18 + -79 + -9.
-61
What is the value of 3101 + -2954 + (5 - 207)?
-55
Evaluate -10 + (1 + 1 - (-396 - -378)) + -92.
-82
-131 + -1 - ((-1 - -17) + -202 + (2 - -170))
-118
Evaluate (-19 - (-62 + 27)) + (-13 - 2).
1
Evaluate 122 - 71 - (13 + 24).
14
38 - 71 - (-41 - 25)
33
Calculate 21 - ((14 - 18) + 36).
-11
Evaluate 19 + (2 - 9) + 0 - (65 + -54).
1
3 + -46 + 74 + (7 - -2) + -1 + 0
39
306 + -168 + (-7 + -17 - 12)
102
Calculate -49 - (-126 - (33 - 56)).
54
What is -56 + (54 - (117 + -138))?
19
Evaluate 20 + -9 + -117 - (-2 - (-3 + 15)).
-92
256 + -254 + -20 + -2
-20
Calculate -87 + (102 - 199 - -68).
-116
Evaluate -120 - (-171 - -67 - -25).
-41
Calculate (23 - 23) + (-5 - (5 + 0)).
-10
Evaluate (6 - (-7 + 6)) + (-1 - (42 + 4)).
-40
Evaluate -2 + -41 + (13 - -7).
-23
Calculate 71 + (66 - (154 - -13)).
-30
Calculate 0 - -2 - (-10 + 9 - -46) - -4.
-39
What is 4 + 1 + -571 + 568 + (0 - -19)?
21
Calculate 6 + 2 - (20 + -34) - -1.
23
120 + (-2 + -1 + 0 - -1) + (-1929 - -1916)
105
Calculate -20 + (-18 - -8) - 8 - (-1 + 1 + -10).
-28
What is 4 + (21 - (11 - (3 - -7)))?
24
What is 14 - (11 - ((-16 - (60 + -42)) + (4 - 1)))?
-28
What is the value of -1 - -3 - (3922 - 3937) - (11 - 2)?
8
Calculate (-5 - 32) + -31 + (-12 - -26).
-54
Evaluate 2375 - 2332 - (1 + -26).
68
Evaluate (8 - (5 + -3) - (21 - 6 - 19)) + 25.
35
What is the value of -4 + 7 + (-76 - -27)?
-46
What is 18 + -7 + -8 + -10 - 1?
-8
Evaluate -18 - -23 - (1 - (-11 + 95 - -8 - 5)).
91
What is the value of (10 - (-17 - -7)) + 2 + (-43 - -10)?
-11
What is 49 - 40 - ((11 + -6 - (4 - 3)) + 58)?
-53
What is the value of -4 - ((-2 - 1) + (0 - 2) + -246 + 112)?
135
What is 282 + -397 - (-133 - -3)?
15
What is the value of 52 - 66 - (21 - 13)?
-22
Calculate -45 + 17 - (10 - 9 - (-1 + (5 - -3))).
-22
What is the value of (-6 + (-5 - (-5 - 2)) - (-22 - -56)) + 1?
-37
What is the value of (7 + (7 - 6) - 12) + (1 - -2)?
-1
What is the value of (-7 + 7 - 3) + -5 + 9 + -42?
-41
27 - (118 + -94 - 13)
16
Evaluate -22 + -2 + -1 - (-11 + 2 + -10 + 20).
-26
Evaluate (-324 - -372) + (-3 - (-8 - 3)).
56
What is the value of 1 - (0 - -3) - (2599 + -2650)?
49
What is the value of 103 - -80 - 106 - -20?
97
What is -2 - -26 - (13 + (-5 + 12 - 13))?
17
What is 2 + 8 - 2 - ((-19 - -18) + 3 - 76)?
82
Calculate -14 + (-45 - (-28 - -21)) - -26.
-26
Evaluate -100 - ((-163 - -70) + 32).
-39
Calculate -82 + -25 - (7 + -76).
-38
-142 + 56 + 296 - 101
109
What is (98 - -32 - 21 - (-6 + -4)) + 6?
125
Evaluate -243 - -245 - (8 - (0 + -9)).
-15
Evaluate -9 + (-8 - -9) - (-3 - 32).
27
What is -28 - (170 - 162 - (1 - 17))?
-52
Calculate -242 + -22 + -111 + 222.
-153
Calculate 1 + 36 + (65 - 120) + 65 - (-7 - -1).
53
Calculate -244 + 178 - (-14 - 9).
-43
Calculate 5 + (74 - 35 - 8).
36
What is (13 - 89 - 27) + 28?
-75
Calculate -3 + 2 + 1 + 32 + (32 + 41 - 76).
29
What is (12 - -3) 